)/(-1 + -1 + 1). Let q = 2 + t. List the prime factors of q.
3
Let j be ((-15)/(-12))/(1/20). Let d = -11 + j. What are the prime factors of d?
2, 7
What are the prime factors of 3/(225/(-2040)*2/(-25))?
2, 5, 17
Suppose 0 = -4*i + 45 - 145. Suppose -2*x + 6*x = 20. What are the prime factors of (2/x)/((-1)/i)?
2, 5
Let u be (8/(-10))/((-6)/15). Suppose 0*t - u*t = 10, l + 9 = -3*t. What are the prime factors of l?
2, 3
Let h(p) = 2*p**2 - p**2 + 2 - 8*p + 4. What are the prime factors of h(10)?
2, 13
Let l = 8 - 14. Let w(v) = -2*v**3 - 10*v**2 + 17*v + 2. Let g(j) = -j**3 - 5*j**2 + 8*j + 1. Let m(r) = 7*g(r) - 3*w(r). List the prime factors of m(l).
7
Suppose 5*j - 36 = -3*c, 4*c = 4*j - 10 + 26. Suppose -2*s + c = 3. Suppose y = 7 + s. List the prime factors of y.
3
What are the prime factors of (4030/4)/13*(-14)/(-5)?
7, 31
Let n = -2 + 5. Suppose 0 = 2*b + n*b. Suppose 3*h - 32 + 5 = b. What are the prime factors of h?
3
List the prime factors of (-2)/(2/(-13)) + 0.
13
Suppose 4*j = -2*l, 2*l - 4 + 3 = -3*j. Let s be ((-3)/(-2))/(l/4). Suppose 2*u = -s*u + 10. List the prime factors of u.
2
Suppose m = 2*f - 5*f + 218, f = -5*m + 54. What are the prime factors of f?
2, 37
Let y(u) = -u**2 - 16*u - 10. Let n be (-10)/35 - (-94)/(-14). Let k be y(n). Suppose -2*d + k = 3*g, 25 = -5*g + d + 109. What are the prime factors of g?
17
Let k(m) = m**3 + 8*m**2 - 9*m + 4. Let o be k(-9). Suppose -b = -4, 5*i + o*b = -23 + 74. List the prime factors of i.
7
What are the prime factors of 148 + (-6)/2 + -2?
11, 13
Suppose c = 2*c + 2. Let p be -1 - (-15)/(3 + c). Suppose 4*k = p + 14. What are the prime factors of k?
7
Let f(x) = 3*x**3 - x**2 - 2*x + 3. What are the prime factors of f(2)?
19
Suppose 3*o - 3 = -4*i + 14, -o + 11 = 4*i. Suppose -o + 4 = l. Let f(t) = 12*t**3 + 2*t**2 - 1. What are the prime factors of f(l)?
13
Let i(g) = -4*g - 6. Let p be i(-4). Let k be (2 - 3) + -1 - 4. Let d = k + p. List the prime factors of d.
2
Suppose 3*g - 6*g = 4*a - 33, a = 2*g. List the prime factors of 2*15 - (a - 6).
2, 3, 5
Suppose 0 = -3*a, -2*b + b - 2*a = -3. Suppose -5 = 2*t - b*t. List the prime factors of t.
5
Let x = 5 + 13. Suppose 2*r - 62 = x. Suppose b + r = 5*b. List the prime factors of b.
2, 5
Let w = -11 + 15. Suppose b + 1 = -2, 0 = -w*j - 5*b + 81. List the prime factors of j.
2, 3
Let z(v) = -8*v - 6. Let s be z(-6). Let o = -7 + s. What are the prime factors of o?
5, 7
Let n be -5*(9/3 - 2). Let r = 27 + n. What are the prime factors of r?
2, 11
Suppose -2*v = -26 - 2. Suppose -3*q = -v - 34. What are the prime factors of q?
2
Let z(i) be the first derivative of -i**3/3 - 5*i**2 + 5*i + 3. What are the prime factors of z(-9)?
2, 7
Let s be (-34)/4*20/(-5). Suppose r = 4*h - s, -42 = -4*h + 2*r + 3*r. What are the prime factors of h?
2
Suppose x - 3*x = -68. Suppose -4*v = 2*q - x, 0 = 3*v - v + 5*q + 3. List the prime factors of v.
11
Let q(g) = -g - 9. Let h be q(-9). Suppose 0 = 5*w + 2*k - 10, 2*k + h*k - 6 = -4*w. List the prime factors of w.
2
Suppose -b = -57 + 17. Suppose 0*d - 5*d = -b. List the prime factors of d.
2
Let l(f) = 2*f**3 + 2*f**2 - 1. Let o(t) = -t**3 + 2*t**2 + 4*t - 2. Let a be o(3). List the prime factors of l(a).
3
Let s = -72 - -303. What are the prime factors of s?
3, 7, 11
Let b = 36 - 6. Let d be ((-4)/(-10))/(2/b). Suppose 4*l + 14 = d*l. List the prime factors of l.
7
Let b(x) be the third derivative of -x**6/120 + 7*x**5/60 + x**4/12 + 4*x**3/3 + 11*x**2. What are the prime factors of b(7)?
2, 11
What are the prime factors of (2/4)/(1/22)?
11
Let s(g) = -g**3 + 6*g**2 - 3*g - 2. Let n be s(3). Suppose n + 49 = 5*q. What are the prime factors of q?
13
Suppose -10 = 5*k - 0. Let u be k + 2 + -2 + -1. What are the prime factors of 1 + (7 - (u + 4))?
7
Suppose -5*z - 3*l + 475 = 0, 2*z - 95 = z + 3*l. List the prime factors of z.
5, 19
Suppose 5*o + 0*o + 3*a - 15 = 0, -5*o = -a - 15. Let f be 4/(o/1 + -1). Suppose -12 + 32 = f*s. What are the prime factors of s?
2, 5
Let a = 8 - 16. Let q = 22 + a. List the prime factors of q.
2, 7
Suppose -41 - 39 = -2*x. List the prime factors of x.
2, 5
Suppose p + 3*p = -12, -5*p = q - 62. Let s = q + -43. List the prime factors of s.
2, 17
Let a(n) = -2*n - 4. Let t be a(-5). Let s = -7 + t. Let m = 19 + s. What are the prime factors of m?
2, 3
Let k(g) = 16 + 6*g + 3*g**2 - 3 + 2*g - 4*g**2. List the prime factors of k(9).
2
Let d = 7 - -9. Let m(r) = -r**2 - 6*r - 3. Let z be m(-4). Suppose -5*q - 25 = 0, 6 = -z*y - 4*q + d. List the prime factors of y.
2, 3
Suppose 2*f = 3*f. Suppose -y - y + 2*i + 14 = f, -5*i + 7 = y. List the prime factors of y.
7
What are the prime factors of -2 + (1 - 2) - 1176/(-14)?
3
Let s(n) be the second derivative of n**3/6 - n**2/2 + 3*n. List the prime factors of s(5).
2
Suppose -3*c - c + 56 = 0. Suppose 3*t + s = 2*s + c, -5*t - 4*s + 12 = 0. What are the prime factors of 1/(-4) + 53/t?
13
Suppose 3*o - 16 = -2*m, -2*o - 18 = -2*m - 6*o. Suppose h - 2*h = m. What are the prime factors of (h/((-15)/(-42)))/(-2)?
7
Let a(q) = 6*q - 3. Let c be a(5). List the prime factors of c/(-6)*-2 + -1.
2
Let i be ((-2)/(-4))/(4/48). Suppose -3*d = 3*k - 78, i + 0 = 3*k. What are the prime factors of d?
2, 3
Let m be 32 - 4/(-4 - 0). List the prime factors of 6/(-2) + m + 0.
2, 3, 5
Let q(d) = d + 7. Let w(a) = -a**2 + a + 7. Let g be w(0). List the prime factors of q(g).
2, 7
Suppose -4*b - 9 = -1. List the prime factors of (2 - -5) + -1 + b.
2
Let q(k) = 2*k**3 - 3*k**2 + 4*k - 5. List the prime factors of q(3).
2, 17
Let t be (-45)/(-2) - 4/8. List the prime factors of -2*t*(-3)/12.
11
Suppose l + 12 = 5*l. Suppose 0 = l*b - q + 2, -4*b - 3*q - 1 - 6 = 0. What are the prime factors of b/(2 - 15/7)?
7
Let r(u) = -23*u - 13 + 6*u**2 + 14*u - u**3 + 7*u**2. List the prime factors of r(12).
23
List the prime factors of 2*2 - (-11)/(11/36).
2, 5
Let y be 3*(-4)/24*8. Suppose 0 = 5*t + 3*g + 1, -4*t + 5*g - 28 = -5. What are the prime factors of t/y - 33/(-2)?
17
Let a(g) = 19*g**2 + g - 2. What are the prime factors of a(-2)?
2, 3
Let m(z) = -45*z**3 - 2*z**2 + z + 2. List the prime factors of m(-1).
2, 11
Let q(l) = 3*l**3 - 2*l**2 - l. Let h be q(-1). Let i be -2*1*(-10)/h. Let a = 9 + i. What are the prime factors of a?
2
Let o(i) = -34*i + 24. List the prime factors of o(-3).
2, 3, 7
Let q = 44 - 30. What are the prime factors of q?
2, 7
Suppose -3*j - 4*v = 7, -2*j + 0 = 4*v + 10. Suppose -12 = -a - j*a. Suppose 4*g - 24 = -p, 0 = -3*p + a*g + 2*g + 4. List the prime factors of p.
2
Let i be ((-3)/(-6))/((-2)/(-8)). Let f(g) = -2*g**2 - 12*g - 1. Let z be f(-5). Suppose i*r - z = r. What are the prime factors of r?
3
Let j be (7/(-1))/(-1) + -2. Suppose -3*w + j = -4. Suppose h + m = -1, w*h + 1 - 30 = 5*m. What are the prime factors of h?
3
Let l = 87 - 47. Let y = l + -21. What are the prime factors of y?
19
What are the prime factors of 3 - -2 - (10 + -172)?
167
Let q(l) = -38*l - 8. What are the prime factors of q(-2)?
2, 17
Suppose -8*p - p + 423 = 0. What are the prime factors of p?
47
Suppose 2*d - 2 = d. Suppose -d*i + i + 1 = 0. List the prime factors of 12/2 + 1/i.
7
Let w(r) = r**3 + 5*r**2 + 2. Let s be w(-5). Let j(n) = -3 + 2*n + 2 + 3. List the prime factors of j(s).
2, 3
Let x = 11 - 8. Let u = x + -1. Suppose 0 = u*b - 3 + 1, -v = -2*b - 7. List the prime factors of v.
3
Suppose 2*s - 27 = s. What are the prime factors of s?
3
Suppose -4*n + 23 = c, 5*c + 4*n + 0 - 83 = 0. Let h = c + 23. What are the prime factors of h?
2, 19
Let z(x) = 8*x**3 + 2*x - 1. Suppose 5*o = -0*o + 15. Let b = -2 + o. List the prime factors of z(b).
3
Suppose 7*p - 730 = 2*p - j, -5*p + 3*j = -710. What are the prime factors of p?
5, 29
Let r = 27 - -21. Suppose 5*p - r = 42. What are the prime factors of p?
2, 3
Let v(l) = l**2 + 5*l + 1. List the prime factors of v(-7).
3, 5
Let f = 208 - -62. List the prime factors of f.
2, 3, 5
Let d be 4 + -2 - (0 - -3). Let k be d - 1*1*-5. Suppose -k*g + 31 = 11. List the prime factors of g.
5
Suppose -2*x + 9 = -4*b + 39, 20 = 2*b - 2*x. Suppose -5*h + 6 = -b*l + 116, 4*h + 3 = -l. What are the prime factors of l?
17
Suppose 5*f - 1189 = -3*g, -4*g - 725 = -3*f - 0*g. What are the prime factors of f?
23